 by 110.
95
What is the remainder when 6064 is divided by 2021?
1
What is the remainder when 126 is divided by 44?
38
What is the remainder when 1047 is divided by 8?
7
Calculate the remainder when 175 is divided by 34.
5
What is the remainder when 25 is divided by 3?
1
What is the remainder when 4336 is divided by 722?
4
Calculate the remainder when 82 is divided by 4.
2
Calculate the remainder when 556 is divided by 84.
52
What is the remainder when 85 is divided by 28?
1
What is the remainder when 1214 is divided by 8?
6
What is the remainder when 102957 is divided by 24?
21
What is the remainder when 1836 is divided by 126?
72
What is the remainder when 324 is divided by 95?
39
What is the remainder when 39718 is divided by 10?
8
What is the remainder when 719 is divided by 30?
29
What is the remainder when 162 is divided by 23?
1
Calculate the remainder when 11457 is divided by 6.
3
Calculate the remainder when 682 is divided by 49.
45
What is the remainder when 371 is divided by 63?
56
Calculate the remainder when 38 is divided by 9.
2
What is the remainder when 773 is divided by 261?
251
Calculate the remainder when 4266 is divided by 19.
10
What is the remainder when 118 is divided by 15?
13
Calculate the remainder when 1760 is divided by 41.
38
Calculate the remainder when 571 is divided by 463.
108
Calculate the remainder when 526 is divided by 66.
64
Calculate the remainder when 546 is divided by 11.
7
What is the remainder when 49 is divided by 14?
7
Calculate the remainder when 3221 is divided by 1072.
5
What is the remainder when 694 is divided by 5?
4
What is the remainder when 161 is divided by 57?
47
What is the remainder when 487 is divided by 61?
60
Calculate the remainder when 94 is divided by 38.
18
What is the remainder when 179 is divided by 58?
5
What is the remainder when 187 is divided by 10?
7
Calculate the remainder when 97 is divided by 67.
30
Calculate the remainder when 334 is divided by 57.
49
Calculate the remainder when 1529 is divided by 172.
153
What is the remainder when 384 is divided by 124?
12
Calculate the remainder when 287 is divided by 97.
93
Calculate the remainder when 10048 is divided by 201.
199
Calculate the remainder when 120 is divided by 60.
0
What is the remainder when 258 is divided by 65?
63
What is the remainder when 332 is divided by 58?
42
What is the remainder when 212 is divided by 72?
68
Calculate the remainder when 159 is divided by 80.
79
What is the remainder when 780 is divided by 118?
72
Calculate the remainder when 317 is divided by 69.
41
What is the remainder when 13 is divided by 13?
0
What is the remainder when 1645 is divided by 183?
181
What is the remainder when 418 is divided by 74?
48
Calculate the remainder when 256 is divided by 26.
22
What is the remainder when 191 is divided by 18?
11
Calculate the remainder when 923 is divided by 116.
111
Calculate the remainder when 101 is divided by 16.
5
Calculate the remainder when 12364 is divided by 149.
146
What is the remainder when 135 is divided by 39?
18
What is the remainder when 167 is divided by 26?
11
What is the remainder when 789 is divided by 74?
49
Calculate the remainder when 2479 is divided by 15.
4
Calculate the remainder when 1146 is divided by 105.
96
Calculate the remainder when 575 is divided by 36.
35
Calculate the remainder when 443 is divided by 99.
47
What is the remainder when 631 is divided by 114?
61
Calculate the remainder when 86 is divided by 42.
2
Calculate the remainder when 34 is divided by 28.
6
Calculate the remainder when 390 is divided by 25.
15
What is the remainder when 54 is divided by 33?
21
Calculate the remainder when 1020 is divided by 172.
160
What is the remainder when 13542 is divided by 105?
102
What is the remainder when 454 is divided by 116?
106
What is the remainder when 6 is divided by 3?
0
Calculate the remainder when 5903 is divided by 12.
11
Calculate the remainder when 140 is divided by 36.
32
Calculate the remainder when 88 is divided by 5.
3
Calculate the remainder when 219 is divided by 37.
34
Calculate the remainder when 3416 is divided by 17.
16
What is the remainder when 159 is divided by 7?
5
What is the remainder when 660 is divided by 61?
50
What is the remainder when 26 is divided by 15?
11
Calculate the remainder when 79 is divided by 2.
1
What is the remainder when 320 is divided by 9?
5
Calculate the remainder when 796 is divided by 13.
3
What is the remainder when 62 is divided by 8?
6
Calculate the remainder when 296 is divided by 149.
147
Calculate the remainder when 9750 is divided by 49.
48
What is the remainder when 558 is divided by 13?
12
Calculate the remainder when 22 is divided by 5.
2
What is the remainder when 1038 is divided by 40?
38
Calculate the remainder when 31 is divided by 28.
3
What is the remainder when 4392 is divided by 66?
36
What is the remainder when 1169 is divided by 1160?
9
What is the remainder when 406 is divided by 150?
106
What is the remainder when 95 is divided by 20?
15
What is the remainder when 284 is divided by 22?
20
What is the remainder when 137 is divided by 35?
32
Calculate the remainder when 42 is divided by 31.
11
What is the remainder when 374 is divided by 72?
14
What is the remainder when 673 is divided by 45?
43
What is the remainder when 113 is divided by 24?
17
What is the remainder when 3281 is divided by 31?
26
Calculate the remainder when 780 is divided by 158.
148
What is the remainder when 544 is divided by 20?
4
Calculate the remainder when 374 is divided by 66.
44
What is the remainder when 317 is divided by 16?
13
Calculate the remainder when 1511 is divided by 54.
53
Calculate the remainder when 146 is divided by 19.
13
What is the remainder when 139 is divided by 2?
1
Calculate the remainder when 79 is divided by 18.
7
What is the remainder when 1552 is divided by 320?
272
What is the remainder when 463 is divided by 15?
13
What is the remainder when 359 is divided by 60?
59
What is the remainder when 741 is divided by 149?
145
Calculate the remainder when 215 is divided by 12.
11
Calculate the remainder when 355 is divided by 12.
7
What is the remainder when 1999 is divided by 659?
22
What is the remainder when 635 is divided by 35?
5
Calculate the remainder when 327 is divided by 60.
27
What is the remainder when 480 is divided by 22?
18
Calculate the remainder when 412 is divided by 111.
79
Calculate the remainder when 60477 is divided by 210.
207
Calculate the remainder when 1237 is divided by 119.
47
Calculate the remainder when 177 is divided by 58.
3
Calculate the remainder when 315 is divided by 53.
50
Calculate the remainder when 339 is divided by 17.
16
What is the remainder when 35 is divided by 9?
8
What is the remainder when 3024 is divided by 81?
27
Calculate the remainder when 316 is divided by 65.
56
What is the remainder when 103 is divided by 57?
46
Calculate the remainder when 202 is divided by 17.
15
Calculate the remainder when 2359 is divided by 2314.
45
Calculate the remainder when 532 is divided by 54.
46
What is the remainder when 58 is divided by 11?
3
What is the remainder when 16379 is divided by 130?
129
What is the remainder when 1238 is divided by 245?
13
What is the remainder when 310 is divided by 98?
16
What is the remainder when 103 is divided by 26?
25
Calculate the remainder when 525 is divided by 33.
30
Calculate the remainder when 216 is divided by 11.
7
What is the remainder when 222 is divided by 96?
30
Calculate the remainder when 99 is divided by 17.
14
Calculate the remainder when 4032 is divided by 149.
9
What is the remainder when 1229 is divided by 13?
7
Calculate the remainder when 5373 is divided by 42.
39
Calculate the remainder when 219 is divided by 110.
109
Calculate the remainder when 4825 is divided by 15.
10
Calculate the remainder when 479 is divided by 10.
9
What is the remainder when 109943 is divided by 36?
35
What is the remainder when 488 is divided by 19?
13
What is the remainder when 185 is divided by 60?
5
Calculate the remainder when 257 is divided by 38.
29
What is the remainder when 37167 is divided by 184?
183
Calculate the remainder when 236 is divided by 96.
44
Calculate the remainder when 284 is divided by 56.
4
Calcu